) = -4*f(g) - 5*n(g). Give i(0).
9
Let u(x) = -27*x - 30. Let k(b) = 11*b + 12. Let c(a) = 12*k(a) + 5*u(a). Let q(p) = -p + 1. Let s(y) = c(y) + 4*q(y). Suppose 3*m + 6 = -0*m. Calculate s(m).
12
Let b(g) = g**3 + 4*g**2 - 3*g + 1. Suppose 11 = a + 3*y, 2*a - y = -0 - 13. What is b(a)?
13
Let m(o) = o**2. Let k(d) be the first derivative of 7*d**3/3 - d**2/2 - 4*d + 21. Let i(r) = -k(r) + 6*m(r). Give i(0).
4
Let y(t) = -5 + t**2 + 410*t - 829*t + 415*t + t**3. Give y(-4).
-37
Let d(y) = y - 3. Suppose 6*c + 0*c = 0. Suppose c + 8 = 2*p. What is d(p)?
1
Let c = -23 + 16. Let l(x) = 7*x**2 + 6*x + 17. Let u(z) = z**2 + 3. Let g(a) = l(a) - 6*u(a). Determine g(c).
6
Let s(c) be the second derivative of -c**3/6 - 6*c**2 - 74*c. Calculate s(-8).
-4
Let j(a) = -5814*a**3 + 12*a**2 - 9*a**2 + 7 - 2*a + 5813*a**3. Calculate j(5).
-53
Let d = 38 - 31. Suppose 5 = -d*s - 16. Let x(l) = 3*l**3 + 3*l**2 + l - 2. Let g(i) = -7*i**3 - 7*i**2 - i + 5. Let h(t) = -4*g(t) - 9*x(t). Give h(s).
-5
Let l(s) be the second derivative of 0*s**3 + 1/2*s**2 + 0 + 10*s - 5/12*s**4. Suppose -5*u - 2*p - 13 = 0, -3*p - 5 = 5*u + 12. Give l(u).
-4
Let v(m) = 5*m**3 - 11*m**2 + 6*m + 6. Let l(o) = 2*o**3 - 5*o**2 + 3*o + 2. Let n(s) = 7*l(s) - 3*v(s). Determine n(-3).
-4
Let x(j) = 2*j**2 + 9*j - 8. Let o be x(-6). Let n(b) = -o*b - 14*b + 39*b + 2 - 3*b**2 - 13*b. What is n(-2)?
-14
Suppose 6 + 0 = 3*y. Let k(q) = q + 5. Let b(z) = 2*z**2 + 4*z + 24. Let s(c) = b(c) - 5*k(c). What is s(y)?
5
Let l(m) = -m - 3. Let a(y) = -3*y**2 + 79*y + 150. Let z be a(28). Calculate l(z).
-13
Suppose -5*p = -4*l - 0*p + 21, -7 = -l + 3*p. Let w be 32/14 - (-6)/(-21). Let d(o) = o + 1. Let g(j) = -2*j - 1. Let m(q) = w*g(q) + 3*d(q). Give m(l).
-3
Let l(b) = 2 + b**2 - 3 - 11*b + 5*b. Let z be 8 + 756/(-98) - 94/(-14). What is l(z)?
6
Let v(t) be the third derivative of 0*t - 1/24*t**4 + 13/6*t**3 + 0 + 11/360*t**6 + 0*t**5 + 13*t**2. Let f(r) be the first derivative of v(r). Give f(-1).
10
Suppose 3*z - 39 + 6 = -5*o, -5*z - 3*o + 39 = 0. Let t(d) = 0 + 6*d - 1 + 3 - d**2. Determine t(z).
2
Let a(o) = -4*o + 4. Let f be 33/(-27) - 4/(-18). Let x be f*(-3 - 1 - 0). Determine a(x).
-12
Let p(d) = -126*d + 246*d + 2*d**2 + 1 - 122*d. Give p(2).
5
Let a(y) be the first derivative of -y**2 - y - 256. Calculate a(-2).
3
Suppose 5*x - x - 12 = 0. Let p(i) = -4 + i**x + 4. Suppose 5*q = 3*q. Give p(q).
0
Suppose -8 = 2*r - o, 0*r + 5*o = -3*r + 1. Suppose 0 = 6*b + 4*b - 80. Let x(a) = 10 + 2*a - b*a - 14. Give x(r).
14
Let a = 6 - 8. Let s(u) = -u**2 - 3*u - 3. Let w be s(a). Let b(d) be the first derivative of d**3/3 - d**2/2 - d - 1. Give b(w).
1
Let y(z) = z**2 + 3*z - 2. Let b be y(1). Let v(l) = -1 + 3 + b - 5 + l. What is v(-6)?
-7
Let d = -11 - -12. Suppose -w + 1 = -d. Let t be (-7 + 6)*(0 - w). Let y(n) = -4*n + 3. What is y(t)?
-5
Suppose 292 - 102 = -38*w. Let f(v) = v**3 + 4*v**2 - 7*v + 1. Calculate f(w).
11
Let v(j) be the third derivative of -j**6/360 + j**5/60 + j**4/12 - 35*j**3/6 + 32*j**2. Let i(q) be the first derivative of v(q). What is i(3)?
-1
Let a(g) = 3*g - 1. Suppose 3*o + 15 = 0, -1 = -t + 4*o + 5. Let i = -10 - t. Suppose -i = -4*r - 0, -3*r - 2 = 5*x. What is a(x)?
-4
Suppose -10 = 4*y - 2. Let p = 1 + y. Let m be p + 4/2 + -3. Let q(f) = 2*f + 1. Determine q(m).
-3
Let h be (0/(-3 + 6))/1. Let x be (4 - 3)/(h - 1). Let v(j) = -15*j**3 - j**2. Calculate v(x).
14
Let o(f) = -3*f - 6. Let u = -23 - -19. Give o(u).
6
Let t(z) = z**3 + 23*z**2 + 22*z - 3. Let u(s) = s**3 - 5*s**2 - s - 2. Let m be u(4). Let j be t(m). Let y(n) = n**3 + n**2 + n + 4. What is y(j)?
-17
Let i = -10 + 5. Let q(o) = -o**3 + o**2 + o + 1. Let b(t) = -3*t**3 - 4*t**2 + 7. Let u(r) = -b(r) + 2*q(r). Calculate u(i).
10
Suppose 0 = -3*i - 9 + 30. Let j(f) be the second derivative of f**5/20 - 7*f**4/12 + f**3/3 - 5*f**2/2 - 389*f. Calculate j(i).
9
Let g(v) = 2*v**2 + 2*v - 2. Let z(d) = -d**2 - 2*d - 2. Let n(q) = -2*q**2 - 2*q - 2. Let x(s) = 4*n(s) - 6*z(s). Let b be x(3). What is g(b)?
2
Let d(l) = -5*l + 12. Let j(f) = -8*f + 13. Let x(v) = 3*d(v) - 2*j(v). Determine x(-7).
3
Suppose 917*y - 925*y - 136 = 0. Let l(s) = -s**3 - 17*s**2 + 2*s + 36. Determine l(y).
2
Let m(k) = 6*k**3 + 8*k**2 + 11*k + 2. Let l be m(-1). Let y(c) = c + 22. Determine y(l).
15
Let y(z) be the third derivative of 0*z - 1/12*z**5 + 0 + z**2 + 1/6*z**4 - 1/120*z**6 - 4/3*z**3. Give y(-6).
4
Let q(u) = -u**2 - 6*u + 48. Let b be q(5). Let v(y) = y + 13. Determine v(b).
6
Suppose 1 = -5*n + 6*n - 2*t, -2*n + 8 = 2*t. Let s(l) = 3*l + 2. Calculate s(n).
11
Let o(l) = -l**3 - 45*l**2 - 42*l + 93. Let j be o(-44). Let z(k) = -6*k + 21. What is z(j)?
-9
Suppose 0 = 2*q - 5*y + 10, -4*y = 4*q - 33 - 3. Suppose 2*z + q = 7. Let b(a) = 10*a - 1. Give b(z).
9
Let f(i) = -4*i**2 + 3*i + 13. Let q(a) = -9*a**2 + 5*a + 27. Let j(c) = 5*f(c) - 2*q(c). Let w(k) be the first derivative of j(k). Determine w(4).
-11
Let v(t) = 20*t - 10*t + 5 - 5*t - 4*t. Calculate v(-12).
-7
Let y(z) = -5*z - 22. Let o be ((-534)/54 - (-2)/(-18))/2. Determine y(o).
3
Suppose -35*o + 295 = 85. Let d(v) be the first derivative of o + 1/2*v**2 - 2*v. Determine d(6).
4
Let h(n) = n**2 - 3*n - 1. Let u be h(4). Suppose 5*m = u*m + 26. Suppose 0 = -b - 5*g - m, -11 = -b - 3*b + g. Let d(i) = 5*i. Give d(b).
10
Let c be (-1)/(-10) - (-177)/30. Let l(y) be the second derivative of -y**4/12 + 5*y**3/6 - 7*y**2/2 - 25*y. Calculate l(c).
-13
Let b(n) = -14*n**2 - n + 5. Let s(a) = -13*a**2 - a + 4. Suppose -31 = -2*r - r + 4*v, 0 = 5*r + 3*v - 13. Let x(q) = r*s(q) - 4*b(q). Give x(1).
-10
Let x(k) = -2*k**3 - k**2 + 2*k - 1. Let l be x(-2). Let h(a) = 10*a + 8. Let w(o) = -17*o - 16. Let j(g) = -7*h(g) - 4*w(g). What is j(l)?
-6
Let i(j) = -21*j - 165. Let s(y) = -7*y - 58. Let p(b) = -6*i(b) + 17*s(b). Calculate p(-2).
-10
Let b(l) be the third derivative of 2/3*l**3 - 1/12*l**5 + 1/6*l**4 + 0*l - 1/120*l**6 + 0 + 3*l**2. What is b(-6)?
16
Let v(d) = -d - 1. Let c(a) be the first derivative of -a**3/3 + a**2/2 + 3*a + 42. Suppose 5*u + 0 - 5 = 0. Let q(z) = u*c(z) + 2*v(z). Give q(-1).
1
Suppose 0 = 364*q - 357*q - 21. Let z(g) be the second derivative of -9*g + 0 + 0*g**2 + 1/6*g**q + 1/12*g**4. Give z(1).
2
Let y(g) be the second derivative of g**4/24 - 5*g**3/3 + 3*g**2 - 16*g. Let i(u) be the first derivative of y(u). What is i(8)?
-2
Let l(a) = 2*a - 20. Let w be l(11). Let s(t) = t**2 - t. Let k(z) = -z**2 + z. Let u(o) = 5*k(o) + 4*s(o). What is u(w)?
-2
Let j(h) = -7*h**2 - 51*h - 28. Let u(n) = n**2 + 10*n + 1. Let c(o) = -j(o) - 6*u(o). Give c(7).
8
Let h(l) = -l**3 - 3. Let q be -1 - -1 - (-6)/(-12)*0. Determine h(q).
-3
Let w(t) be the second derivative of -t**4/12 + 17*t**3/6 - 7*t**2/2 - 27*t. Determine w(16).
9
Let h(m) = 1 - 46*m - m**2 - 41*m - 5 + 95*m - 5. Determine h(9).
-18
Let a be 56/70 - ((-96)/10)/(-2). Let b(z) = z**3 + 5*z**2 + 3*z + 1. Give b(a).
5
Let g(z) = -4*z + 4. Let b(w) = 3*w - 4. Let v(u) = -5*b(u) - 4*g(u). Suppose -15 = -3*d + 3*h, h + 2*h = -4*d - 15. Determine v(d).
4
Let r(d) be the third derivative of 1/6*d**4 + 0 + 0*d - d**2 + 1/120*d**5 - d**3. Let p(k) be the first derivative of r(k). Determine p(-4).
0
Let v(f) = -f**2 - 5*f - 3. Let t(m) = 9 - 6*m**2 - 2*m - 5*m**3 + m**3 + 3*m**3. Let w be t(-5). Determine v(w).
-9
Let y(i) = -11*i**3 + 43*i**2 + 6. Let w(k) = 4*k**3 - 15*k**2 - 2. Let f(v) = -17*w(v) - 6*y(v). Determine f(-3).
25
Let x(n) = -5*n - n + 3035 - 3039 + n**3. What is x(-2)?
0
Let m = -5 + 3. Let j be (0 - 0)/(-2) - (0 + m). Let s(b) = -b**3 + b**2 + b + 2. Give s(j).
0
Let l(n) = -19*n**3 - 19*n**2 + 8*n + 9. Let j(m) = 54*m**3 + 56*m**2 - 23*m - 29. Let b(o) = -6*j(o) - 17*l(o). Determine b(-13).
-5
Let a = -307 - -305. Let u(p) = -p**2 - 2*p - 1. What is u(a)?
-1
Let w = -293 + 291. Let i(v) = -12*v**2 - v - 1. Give i(w).
-47
Let c(h) = -h - 2*h + h**3 - 664 + 2*h + 666 - 2*h**3. What is c(0)?
2
Let v(a) = -a**2 + 3*a. Suppose 3*j - 4*n = -26, -2*j + 3*n = -2*n + 15. Let g = 14 + j. Calculate v(g).
-4
Let a(k) = 4*k - 8. Let c = 1500 + -1505. Determine a(c).
-28
Let g(s) = s - 10. Suppose 3*j + 11 = 4*n + 4, -2*j - 14 = -5*n. Let c(d) = -2*d + 29. Let f(h) = n*c(h) + 11*g(h). Give f(6)